{"id":97763,"date":"2025-10-02T19:55:48","date_gmt":"2025-10-02T19:55:48","guid":{"rendered":"https:\/\/atrapalaszapas.com\/?post_type=product&#038;p=97763"},"modified":"2025-10-06T14:46:35","modified_gmt":"2025-10-06T14:46:35","slug":"scarf-louis-vuitton","status":"publish","type":"product","link":"https:\/\/atrapalaszapas.com\/index.php\/producto\/scarf-louis-vuitton\/","title":{"rendered":"Scarf Louis Vuitton"},"content":{"rendered":"","protected":false},"excerpt":{"rendered":"<p>Envu\u00e9lvete en el lujo con esta bufanda Louis Vuitton, confeccionada con los materiales m\u00e1s finos para brindar una suavidad excepcional y un dise\u00f1o sofisticado. Su ic\u00f3nico estampado y acabados impecables la convierten en el accesorio perfecto para complementar cualquier look con distinci\u00f3n y estilo. Ideal para quienes buscan elegancia atemporal en cada detalle.<\/p>\n","protected":false},"featured_media":72689,"comment_status":"open","ping_status":"closed","template":"","meta":[],"product_brand":[],"product_cat":[613,614],"product_tag":[],"class_list":{"0":"post-97763","1":"product","2":"type-product","3":"status-publish","4":"has-post-thumbnail","6":"product_cat-accessories","7":"product_cat-bufandas","9":"first","10":"instock","11":"sale","12":"taxable","13":"shipping-taxable","14":"purchasable","15":"product-type-simple"},"jetpack_sharing_enabled":true,"_links":{"self":[{"href":"https:\/\/atrapalaszapas.com\/index.php\/wp-json\/wp\/v2\/product\/97763","targetHints":{"allow":["GET"]}}],"collection":[{"href":"https:\/\/atrapalaszapas.com\/index.php\/wp-json\/wp\/v2\/product"}],"about":[{"href":"https:\/\/atrapalaszapas.com\/index.php\/wp-json\/wp\/v2\/types\/product"}],"replies":[{"embeddable":true,"href":"https:\/\/atrapalaszapas.com\/index.php\/wp-json\/wp\/v2\/comments?post=97763"}],"version-history":[{"count":1,"href":"https:\/\/atrapalaszapas.com\/index.php\/wp-json\/wp\/v2\/product\/97763\/revisions"}],"predecessor-version":[{"id":97791,"href":"https:\/\/atrapalaszapas.com\/index.php\/wp-json\/wp\/v2\/product\/97763\/revisions\/97791"}],"wp:featuredmedia":[{"embeddable":true,"href":"https:\/\/atrapalaszapas.com\/index.php\/wp-json\/wp\/v2\/media\/72689"}],"wp:attachment":[{"href":"https:\/\/atrapalaszapas.com\/index.php\/wp-json\/wp\/v2\/media?parent=97763"}],"wp:term":[{"taxonomy":"product_brand","embeddable":true,"href":"https:\/\/atrapalaszapas.com\/index.php\/wp-json\/wp\/v2\/product_brand?post=97763"},{"taxonomy":"product_cat","embeddable":true,"href":"https:\/\/atrapalaszapas.com\/index.php\/wp-json\/wp\/v2\/product_cat?post=97763"},{"taxonomy":"product_tag","embeddable":true,"href":"https:\/\/atrapalaszapas.com\/index.php\/wp-json\/wp\/v2\/product_tag?post=97763"}],"curies":[{"name":"wp","href":"https:\/\/api.w.org\/{rel}","templated":true}]}}